tens digit of a?
5
Let r(s) = -32*s - 25. Let o be r(-8). Let d = o + -118. What is the tens digit of d?
1
What is the units digit of (101*16/40)/((-1)/(-35))?
4
Let s = 61 - 56. Suppose -g + 3 = -4*g, 2*o - 165 = s*g. What is the tens digit of o?
8
Let y(v) = -2 + v**3 - 4 - 8*v + 17*v + 0*v - 6*v**2. Suppose -2*h - f + 10 = -3, -3*h + 19 = f. What is the tens digit of y(h)?
4
Suppose -2*a = 2, 8 + 1 = w - 4*a. Suppose 3*b - w*j - 2 = 0, j = -2*b - 0*b + 10. Let z = 7 - b. What is the units digit of z?
3
Let w be 10 + 9/((-9)/2). Let t(q) = -13*q + 5. Let a be t(w). What is the units digit of (-72)/54*a/2?
6
Let b = 814 - 138. What is the hundreds digit of b?
6
Let u(t) = -14*t - 42. Let w = -15 - -11. Let l(f) = 5*f + 14. Let a(i) = w*u(i) - 11*l(i). What is the tens digit of a(0)?
1
Let j = 29 + -31. Let a be (-1842)/(-6) + (0 - j). Suppose 6*x + 51 = a. What is the tens digit of x?
4
Suppose 3*b = -2*b + u + 6, -2 = b - u. Suppose 8*r - 6*r = -b. Let c(s) = -27*s**3 - 2*s**2 + s + 2. What is the units digit of c(r)?
6
Let b = -29 + 2. Let o = 54 - b. What is the tens digit of o?
8
Suppose 0 = 3*j + 4*h + 32, 0*j - 5*h - 26 = 2*j. Let w = 51 + j. What is the tens digit of w?
4
Let s(p) = p**3 - 2*p**2 - 3*p - 2. Let g be s(4). Suppose g = 2*h - 2*b, -2*h + 7*b - 3*b = -28. What is the units digit of h?
4
Suppose 0 = -0*o + 2*o - 640. What is the units digit of o?
0
Let x = 1 - 115. Let a = -66 - x. What is the tens digit of a?
4
What is the units digit of (-3*(-30)/(-24))/(27/(-2520))?
0
What is the hundreds digit of 6 + 2 + -8 - -255?
2
Let u(d) = -d**2 - 6*d + 4. Let l be 8/(-6)*(-27)/(-6). Let t be u(l). Suppose t*b - 4*o = 0, 8 = -2*b + b + 5*o. What is the units digit of b?
2
Suppose 2*j + 0*j = 110. What is the units digit of j - 0/1*(-3)/9?
5
Let o(f) = 402*f**2 - 13*f - 18. What is the thousands digit of o(-2)?
1
Let s(d) = 3*d**2 + 7*d + 24. What is the units digit of s(-16)?
0
Let o(y) = 5*y**2 - 5*y**2 - y**3 - 1 - 3*y - 4*y**2. Let v(s) = s**3 - 4*s**2 - 3*s + 8. Let z be v(4). What is the tens digit of o(z)?
1
Let q(f) = 8*f**2 + 16*f - 22. What is the hundreds digit of q(10)?
9
Suppose -2*t + 19 = h, 2*h - 6 - 20 = 2*t. Suppose -k = -j - 0*k, -4*j + 3*k = 5. Let m = j + h. What is the tens digit of m?
1
Suppose 4*r - o - 1352 = -0*r, -3*o = -12. What is the hundreds digit of r?
3
Let a(p) = 3*p**2 + 2*p + 3. Let u be a(-2). Suppose 63*d + 45 = 58*d. Let t = u + d. What is the units digit of t?
2
Let m(z) = 2*z**3 - z**2 + 2*z - 4. Let l be 130/52 - (3/(-2))/3. What is the units digit of m(l)?
7
Let w = -6 + 19. Suppose 5*k - 2*v = -88, 5*v - w = k + 23. Let j = 18 + k. What is the units digit of j?
2
Let f be (-73)/2 + (-21)/(-14). What is the tens digit of (4 + -5)*f*1?
3
Let i(b) = b**2 - b - 3. Let a(x) = -5*x**2 - x. Let p be a(-1). Let w be i(p). Let u = w + 22. What is the tens digit of u?
3
Suppose -8 = 4*r, -3*r = 4*q + 2*r + 22. Suppose 0 = -4*d - 5*b - 50, 13 = -4*d - b - 29. Let v = q - d. What is the units digit of v?
7
Suppose -3*w - 4*m + 31 = 0, -2*w + 3*m - 3 + 1 = 0. Suppose -w*g - 4*x + 301 = 0, 6*g - 2*g = -2*x + 236. What is the tens digit of g?
5
Suppose m + 3*b - 711 = 0, 5*m = 3*b - 1625 + 5108. What is the units digit of m?
9
Let s(l) = l**3 - 8*l**2 - 5*l - 14. Let y be s(6). Let x = 179 + y. What is the tens digit of x?
6
Let w = -124 + 130. Let p(b) = 29*b - 12. What is the tens digit of p(w)?
6
Let l be (1 - 0) + 215/5. Let a = l - 3. Suppose -4*k = -3*g + k + 73, -g + 5*k + a = 0. What is the units digit of g?
6
Let f(c) = -c**2 + 2*c - c + 7 + 2*c**2. Suppose 5*x = 8*x - z + 20, 4*x = 5*z - 34. What is the tens digit of f(x)?
3
Suppose 4*u = -122 - 2. Let g = 68 + u. What is the tens digit of g?
3
Suppose 4*n = -6 + 26. Suppose -262 - 58 = -n*s. What is the units digit of s?
4
Let y = 489 - 339. What is the tens digit of y?
5
Let i = 77 + -149. Let p = i - -207. What is the tens digit of p?
3
Let p = 1412 + -1077. What is the units digit of p?
5
Let y(a) = -12*a - 7. Let s be y(-6). Let o = s - -10. Let f = -19 + o. What is the units digit of f?
6
Suppose 5*h - 210 = 1325. What is the hundreds digit of h?
3
Let x be 137 - (-3 - -4 - -3). Let c = -53 + x. What is the tens digit of c?
8
Let q be (12/(-30))/(2/30). Let u = 8 + q. Suppose -2*k = -2*z + 42, -u*z - 2*k = -5*z + 67. What is the units digit of z?
5
Suppose -5*w - 5*y + 3 = -27, 5*w - 20 = 5*y. Suppose w*z + 30 = -2*p + 965, 2*z - 5*p - 403 = 0. Suppose -o + 4*o = z. What is the units digit of o?
3
Let r(n) = -8*n**2 + 4*n. Let f be r(2). What is the units digit of (-25)/(-20) - 5874/f?
6
Let p(a) = a**3 + 12*a**2 - 12*a - 14. What is the tens digit of p(-9)?
3
Let k = 755 + -377. What is the hundreds digit of k?
3
Suppose 64 + 196 = 5*w. Let u be (-1 + (-12)/(-3))*1. Suppose -u*v + v = -w. What is the tens digit of v?
2
Let z(t) = -t**2 + 5*t + 8. Let k be z(6). Let d(m) = -m**3 + 38. Let c be d(0). Suppose 3*b - b = 2*n + c, 0 = -k*b + 4*n + 28. What is the tens digit of b?
2
What is the units digit of 470 + (-12)/36 + 4/(-6)?
9
Let b(r) = -1385*r**3 + 3*r**2 + 3*r. What is the units digit of b(-1)?
5
Let y be -2 - ((-8 - -1) + -3). Let h = 0 + -1. What is the units digit of y + (h - -1)*1?
8
Suppose -4*g + 798 + 794 = 0. What is the units digit of g?
8
Let u = -51 - -205. Suppose -2*f - 20 = -u. What is the units digit of f?
7
Let o = -43 + 46. Suppose -87 = o*r - 342. What is the units digit of r?
5
Let z be ((-3)/(-2) + -2)/((-2)/8). Suppose -5*k + 446 = -4*w, -z*k - 2*w + 168 = -w. What is the units digit of k?
6
Let m = 35 + -125. Let y = -6 - m. What is the units digit of y?
4
Let k(p) = -9*p + 17. Let d be k(7). Let s = -10 - d. What is the units digit of s?
6
Suppose 3 = -2*h + 17. Let i(w) = 3*w - 11. Let a be i(h). Suppose 3*s + s + 166 = 3*j, 2*s = a. What is the units digit of j?
2
Suppose -4*s = -5*l + 2192, -l - 6 + 430 = 4*s. What is the tens digit of l?
3
Suppose -3*u + 5*u - 144 = 0. Let b = 139 - u. What is the tens digit of b?
6
Let j be ((-11)/22)/((-1)/768). Suppose -j = -u - 5*u. What is the tens digit of u?
6
Suppose 0 = -13*m + 12667 + 3726. What is the thousands digit of m?
1
Let d(x) = 79*x - 38. What is the thousands digit of d(14)?
1
What is the hundreds digit of 31662/63 - 4/7?
5
Let v be -15 + -1 + 4/4. Let i = v + 5. What is the tens digit of i*(-2)/(2/3)?
3
Let j = 617 + 427. What is the thousands digit of j?
1
Let u = 28 + -23. Suppose -3*r + 108 = 4*o - r, -u*r = -20. Suppose 2*d = -3*d + o. What is the units digit of d?
5
Let o = 16 + 5. Let y = o - 18. Suppose 84 = 2*k - 5*g + g, -y*k = 5*g - 71. What is the units digit of k?
2
Let l(d) = -d**2 + 4*d + 4. Let s be l(5). Let i be -2 + s*(-4)/2. Suppose 0*h + 3*h - 81 = i. What is the units digit of h?
7
Let z = 15 - 12. Suppose 6*n - z*n = 261. What is the tens digit of n?
8
Suppose 2444 + 9898 = 6*a. What is the units digit of a?
7
Let p(m) = m**3 + 3*m**2 - 3*m - 4. Let h be p(-3). Suppose h*w - 357 = -72. What is the tens digit of w?
5
Let p be (10/15)/(2/9). Suppose -8 = -p*h - h. Suppose -h*f + 58 = 4*u, 0 = -5*u - 4*f + 3*f + 74. What is the units digit of u?
5
Let f(n) = -12*n**2 - 3*n**3 + n - 8*n**3 + 13*n**2. Let i be f(-1). Let m = -7 + i. What is the units digit of m?
4
Let q(g) = -10*g**3 + 3*g**2 + 4*g + 3. Let y be q(-2). Suppose 289 + y = 2*i. What is the hundreds digit of i?
1
Let u be (-132)/21 - 4/(-14). Let b(o) = -15*o - 24. What is the units digit of b(u)?
6
Suppose -9*a + 19548 = -3*a. What is the hundreds digit of 6/9*a/12?
1
Suppose -5*f + 0*p = -p + 9, -5*f + 4*p - 6 = 0. Let n be 39/(-4) - f/(-8). What is the units digit of n/5 - (1 + -5)?
2
Suppose -2*y = -4*a + 7564, 4 = -26*y + 24*y. What is the tens digit of a?
9
Suppose -38*q + 60850 = 13692. What is the thousands digit of q?
1
Let d = 76 - -7. What is the units digit of d?
3
Let y = -27 - -24. What is the units digit of 168/16*(-4)/y?
4
Suppose -g - 29 + 104 = 3*h, 0 = -2*h + 2. Suppose 43 = 5*y - g. What is the units digit of y?
3
Let v = 37 - 36. What is the units digit of ((-4)/3)/(v/(-6))?
8
What is the hundreds digit of 1003847/185 + (-24)/20?
4
Suppose 494 + 2233 = 3*b + 2*c, 0 = 4*c - 12. What is the hundreds digit of b?
9
Suppose 0 = -4*w - 1 + 13. Let h(u) 